{"id":1203,"date":"2017-09-04T06:58:53","date_gmt":"2017-09-04T06:58:53","guid":{"rendered":"http:\/\/semuehitus.ee\/swp\/blog\/?page_id=1203"},"modified":"2025-04-20T16:56:01","modified_gmt":"2025-04-20T16:56:01","slug":"kvaliteedisusteem","status":"publish","type":"page","link":"https:\/\/semuehitus.ee\/swp\/kvaliteedisusteem\/","title":{"rendered":"Kvaliteedis\u00fcsteem"},"content":{"rendered":"<div class=\"wpb-content-wrapper\"><p>[vc_row][vc_column width=&#8221;7\/12&#8243;][vc_custom_heading text=&#8221;Kvaliteedis\u00fcsteem&#8221; font_container=&#8221;tag:h2|font_size:36|text_align:left|color:%23111111&#8243; use_theme_fonts=&#8221;yes&#8221; css=&#8221;&#8221; source=&#8221;post_title&#8221; el_class=&#8221;m-b-md&#8221; css_params=&#8221;&#8221;][vc_separator color=&#8221;custom&#8221; align=&#8221;align_left&#8221; accent_color=&#8221;#ec1c28&#8243; border_width=&#8221;3&#8243; type=&#8221;small&#8221;][vc_column_text el_class=&#8221;lead m-b-lg&#8221;]Meie eesm\u00e4rgiks on ehitada klientide poolt soovitud hooneid ja teostada t\u00f6id sellise kvaliteediga, mis t\u00e4idab kliendi ja riiklike normatiivdokumentide poolt esitatud n\u00f5udeid. O\u00dc SEMUEHITUS juhtkonna arvates on meie toodete ja teenuste n\u00f5uetele vastavus, ohutus, legaalsus ja kvaliteetsus otsustavad faktorid ettev\u00f5tte kestva edu saavutamisel.[\/vc_column_text][vc_column_text]<strong>Meie tegevuse olulisemateks m\u00e4rks\u00f5nadeks on:<\/strong><\/p>\n<ul class=\"list list-icons list-primary list-borders\">\n<li><i class=\"fa fa-check\"><\/i>Kliendikesksus. Pidev kliendi soovide, n\u00f5uete, ettepanekute ja vajaduste arvestamine ja anal\u00fc\u00fcs, eesm\u00e4rgiga vastata klientide ootustele ja v\u00f5imalusel neid ka \u00fcletada;<\/li>\n<li><i class=\"fa fa-check\"><\/i>T\u00f6\u00f6 kvaliteetsus. Kvaliteetne t\u00f6\u00f6 ja t\u00e4htaegadest kinnipidamine on olulised meie p\u00fcsimisel konkurentsis ning on aluseks meie tuleviku t\u00f6\u00f6dele, ettev\u00f5tte suurema tuntuse saavutamisele ja kasumi teenimisele;<\/li>\n<li><i class=\"fa fa-check\"><\/i>\u00d5iguslike ja muude n\u00f5uete t\u00e4itmine. Selgitame v\u00e4lja \u00f5iguslikud n\u00f5uded, mida meie t\u00f6\u00f6s tuleb j\u00e4rgida ning t\u00e4idame k\u00f5ik kohustused, mis tulenevad asjakohastest \u00f5iguslikest ja muudest n\u00f5uetest;<\/li>\n<li><i class=\"fa fa-check\"><\/i>Keskkonnas\u00f5bralikkus. Kasutame loodusressursse ratsionaalselt ja s\u00e4\u00e4stlikult ning rakendame meetmeid keskkonna reostamise ja saastamise v\u00e4ltimiseks. Kasutame materjale ja tehnoloogiaid, mis ei reosta keskkonda ega oma kahjulikku m\u00f5ju inimeste tervisele.<\/li>\n<li><i class=\"fa fa-check\"><\/i>\u00a0Kohanemis- ja arenemisv\u00f5ime. Meie ettev\u00f5ttes p\u00f6\u00f6ratakse k\u00f5rgendatud t\u00e4helepanu personali kvalifikatsiooni ja professionaalsuse pidevale t\u00f5stmisele plaanip\u00e4rase koolituse l\u00e4bi. Pidevalt arendatakse edasi ettev\u00f5tet ja tema protsesse, et k\u00e4ia kaasas ja kohaneda kiiresti muutuva v\u00e4liskeskkonnaga;<\/li>\n<li><i class=\"fa fa-check\"><\/i>\u00a0Juhtkonnapoolne eestvedamine, mille l\u00e4bi iga t\u00f6\u00f6taja ettev\u00f5ttes on teadlik kvaliteedipoliitikast ja -eesm\u00e4rkidest ning sellest, kuidas kvaliteedijuhtimiss\u00fcsteemi juurutamine neid abistab ja viib ettev\u00f5tte p\u00fcstitatud kvaliteedieesm\u00e4rkide saavutamiseni. Kvaliteedipoliitika ellurakendamiseks ja kvaliteedieesm\u00e4rkide t\u00e4itmiseks eraldab juhtkond vajalikud\u00a0ressursid.<\/li>\n<\/ul>\n<p>[\/vc_column_text][vc_separator color=&#8221;custom&#8221; align=&#8221;align_left&#8221; accent_color=&#8221;#ec1c28&#8243; border_width=&#8221;3&#8243; type=&#8221;small&#8221;][vc_row_inner][vc_column_inner width=&#8221;1\/3&#8243;][vc_single_image image=&#8221;2608&#8243; img_size=&#8221;full&#8221; onclick=&#8221;link_image&#8221;][\/vc_column_inner][vc_column_inner width=&#8221;1\/3&#8243;][vc_single_image image=&#8221;1556&#8243; img_size=&#8221;full&#8221; onclick=&#8221;link_image&#8221;][\/vc_column_inner][\/vc_row_inner][\/vc_column][vc_column width=&#8221;1\/12&#8243;][\/vc_column][vc_column width=&#8221;1\/3&#8243;][vc_wp_custommenu nav_menu=&#8221;52&#8243;][vc_widget_sidebar sidebar_id=&#8221;blog-sidebar&#8221;][\/vc_column][\/vc_row]<\/p>\n<\/div>","protected":false},"excerpt":{"rendered":"<p>[vc_row][vc_column width=&#8221;7\/12&#8243;][vc_custom_heading text=&#8221;Kvaliteedis\u00fcsteem&#8221; font_container=&#8221;tag:h2|font_size:36|text_align:left|color:%23111111&#8243; use_theme_fonts=&#8221;yes&#8221; css=&#8221;&#8221; source=&#8221;post_title&#8221; el_class=&#8221;m-b-md&#8221; css_params=&#8221;&#8221;][vc_separator color=&#8221;custom&#8221; align=&#8221;align_left&#8221; accent_color=&#8221;#ec1c28&#8243; border_width=&#8221;3&#8243; type=&#8221;small&#8221;][vc_column_text el_class=&#8221;lead m-b-lg&#8221;]Meie eesm\u00e4rgiks on ehitada klientide poolt soovitud hooneid ja teostada t\u00f6id sellise kvaliteediga, mis t\u00e4idab kliendi ja riiklike normatiivdokumentide poolt esitatud n\u00f5udeid. O\u00dc SEMUEHITUS juhtkonna arvates on meie toodete ja teenuste n\u00f5uetele vastavus, ohutus, legaalsus ja kvaliteetsus otsustavad faktorid ettev\u00f5tte [&hellip;]<\/p>\n","protected":false},"author":1,"featured_media":0,"parent":0,"menu_order":0,"comment_status":"closed","ping_status":"closed","template":"","meta":{"footnotes":""},"class_list":["post-1203","page","type-page","status-publish","hentry"],"aioseo_notices":[],"_links":{"self":[{"href":"https:\/\/semuehitus.ee\/swp\/wp-json\/wp\/v2\/pages\/1203","targetHints":{"allow":["GET"]}}],"collection":[{"href":"https:\/\/semuehitus.ee\/swp\/wp-json\/wp\/v2\/pages"}],"about":[{"href":"https:\/\/semuehitus.ee\/swp\/wp-json\/wp\/v2\/types\/page"}],"author":[{"embeddable":true,"href":"https:\/\/semuehitus.ee\/swp\/wp-json\/wp\/v2\/users\/1"}],"replies":[{"embeddable":true,"href":"https:\/\/semuehitus.ee\/swp\/wp-json\/wp\/v2\/comments?post=1203"}],"version-history":[{"count":17,"href":"https:\/\/semuehitus.ee\/swp\/wp-json\/wp\/v2\/pages\/1203\/revisions"}],"predecessor-version":[{"id":2642,"href":"https:\/\/semuehitus.ee\/swp\/wp-json\/wp\/v2\/pages\/1203\/revisions\/2642"}],"wp:attachment":[{"href":"https:\/\/semuehitus.ee\/swp\/wp-json\/wp\/v2\/media?parent=1203"}],"curies":[{"name":"wp","href":"https:\/\/api.w.org\/{rel}","templated":true}]}}